te the greatest common divisor of 26136 and 38880.
216
Calculate the greatest common factor of 351312 and 2704.
208
What is the highest common divisor of 26 and 69550?
26
Calculate the greatest common divisor of 3218 and 16.
2
Calculate the highest common factor of 5503233 and 69.
69
What is the highest common factor of 14490 and 585?
45
Calculate the greatest common divisor of 235885 and 130.
65
Calculate the highest common factor of 18 and 3027.
3
Calculate the greatest common factor of 1539 and 30153.
57
Calculate the greatest common divisor of 8896525 and 85.
85
What is the highest common divisor of 2058 and 12?
6
What is the greatest common factor of 11 and 1262173?
11
Calculate the highest common divisor of 24295 and 226.
113
What is the greatest common divisor of 45206 and 1106?
14
Calculate the highest common factor of 26557 and 1.
1
What is the highest common factor of 41461 and 266?
7
Calculate the greatest common factor of 56 and 365576.
8
What is the highest common divisor of 39 and 210158?
13
What is the greatest common divisor of 43 and 130763?
43
What is the greatest common factor of 3020729 and 131?
131
What is the highest common divisor of 280 and 717325?
35
What is the greatest common divisor of 3424 and 104539?
107
Calculate the highest common factor of 39729 and 17.
17
Calculate the greatest common factor of 5978 and 1652.
14
Calculate the highest common factor of 103059 and 4752.
297
What is the highest common divisor of 238569 and 4245?
849
What is the greatest common divisor of 40 and 70940?
20
What is the greatest common divisor of 774 and 159014?
86
Calculate the greatest common divisor of 48583 and 76.
19
Calculate the greatest common divisor of 4114 and 6534.
242
Calculate the greatest common factor of 63 and 171738.
63
Calculate the highest common factor of 3937 and 31750.
127
Calculate the highest common divisor of 1808311 and 5131.
733
Calculate the highest common divisor of 22057 and 1288.
161
Calculate the highest common factor of 3069 and 10593.
99
Calculate the greatest common factor of 3248 and 47299.
203
What is the highest common divisor of 660 and 58212?
132
Calculate the greatest common divisor of 7520 and 120.
40
Calculate the greatest common divisor of 57 and 2547786.
57
What is the greatest common factor of 40510 and 140?
10
Calculate the greatest common divisor of 980 and 14945.
245
What is the greatest common factor of 2415 and 7455?
105
Calculate the greatest common factor of 37 and 31228.
37
What is the greatest common factor of 1340 and 8700?
20
What is the greatest common factor of 14 and 47159?
7
Calculate the greatest common factor of 5082 and 858.
66
What is the greatest common divisor of 4 and 186108?
4
What is the highest common factor of 176 and 16654?
22
What is the greatest common factor of 7381 and 61?
61
What is the greatest common factor of 22 and 275803?
11
What is the greatest common factor of 30576 and 130?
26
Calculate the highest common divisor of 188 and 54238.
94
Calculate the greatest common divisor of 14208 and 370.
74
What is the greatest common factor of 8635 and 55735?
785
Calculate the highest common factor of 109 and 78371.
109
What is the greatest common divisor of 279 and 16926?
93
Calculate the greatest common divisor of 758846 and 1496.
374
Calculate the highest common divisor of 634 and 148039.
317
What is the greatest common divisor of 221 and 4743?
17
Calculate the greatest common divisor of 425 and 42908.
17
What is the greatest common factor of 2693208 and 328?
328
What is the highest common divisor of 5797 and 2046?
341
Calculate the highest common divisor of 49007 and 28.
7
Calculate the highest common divisor of 24 and 34668.
12
Calculate the greatest common factor of 131528 and 984.
328
Calculate the highest common divisor of 870555 and 21.
21
What is the greatest common divisor of 1 and 16067?
1
Calculate the highest common factor of 1210 and 470.
10
What is the greatest common factor of 1071 and 47243?
119
Calculate the greatest common divisor of 2989942 and 421.
421
What is the greatest common divisor of 13423 and 527?
31
Calculate the highest common divisor of 500181 and 2277.
759
What is the greatest common divisor of 44 and 549428?
44
What is the highest common divisor of 732 and 8748?
12
Calculate the greatest common divisor of 3599 and 2124.
59
What is the greatest common divisor of 172 and 185373?
43
Calculate the highest common divisor of 104 and 237848.
104
Calculate the greatest common factor of 632 and 2607.
79
Calculate the greatest common factor of 27326 and 416.
26
Calculate the greatest common factor of 2533 and 5134.
17
Calculate the highest common divisor of 14320 and 4580.
20
Calculate the greatest common factor of 335 and 14795.
5
What is the greatest common factor of 10736 and 1441?
11
What is the highest common factor of 33077 and 1023?
341
Calculate the highest common divisor of 86 and 1487413.
43
What is the highest common divisor of 269 and 2795179?
269
What is the greatest common divisor of 1770800 and 144?
16
What is the greatest common factor of 58458 and 6?
6
What is the highest common divisor of 793793 and 231?
77
Calculate the highest common factor of 500773 and 91.
91
What is the greatest common factor of 277684 and 132?
44
What is the greatest common factor of 97280 and 91136?
1024
Calculate the greatest common factor of 12 and 29508.
12
Calculate the highest common factor of 416 and 663.
13
What is the highest common factor of 7886 and 8?
2
What is the greatest common divisor of 103256 and 8?
8
Calculate the greatest common factor of 3900 and 1404.
156
What is the highest common divisor of 295 and 3878955?
295
What is the greatest common factor of 17157 and 3990?
399
What is the highest common divisor of 35 and 147665?
35
Calculate the highest common divisor of 2795 and 13416.
559
Calculate the greatest common divisor of 113880 and 156.
156
Calculate the greatest common factor of 139788 and 83308.
1412
Calculate the greatest common divisor of 2128 and 856688.
112
What is the highest common divisor of 1550 and 13640?
310
What is the highest common factor of 5580500 and 1000?
500
What is the highest common divisor of 13282 and 899?
29
What is the highest common divisor of 16786 and 462?
154
What is the highest common divisor of 1792 and 20132?
28
What is the highest common factor of 948 and 19276?
316
Calculate the highest common factor of 52 and 9581.
13
What is the highest common divisor of 631 and 1021?
1
What is the highest common divisor of 104 and 4850456?
104
What is the highest common divisor of 182311 and 2077?
31
Calculate the greatest common factor of 4690 and 51100.
70
What is the highest common factor of 452738 and 1664?
26
What is the greatest common factor of 264 and 1574928?
24
Calculate the greatest common divisor of 25029 and 103.
103
What is the highest common divisor of 29987 and 1570?
157
What is the highest common divisor of 1335 and 604221?
267
What is the highest common factor of 266 and 4606?
14
Calculate the highest common divisor of 262 and 212351.
131
Calculate the greatest common factor of 29645 and 70.
35
Calculate the highest common factor of 481680 and 1944.
216
What is the greatest common divisor of 6325 and 325?
25
What is the highest common factor of 802125 and 62?
31
Calculate the greatest common divisor of 45 and 10320.
15
What is the greatest common divisor of 648 and 7662?
6
What is the greatest common divisor of 385 and 2013?
11
What is the highest common factor of 20128 and 4144?
592
Calculate the highest common divisor of 4 and 1562324.
4
What is the greatest common factor of 5170 and 370?
10
What is the highest common factor of 406408 and 16?
8
Calculate the highest common factor of 614233 and 15274.
1091
Calculate the greatest common divisor of 23528 and 56.
8
Calculate the highest common factor of 97923 and 987.
21
What is the greatest common divisor of 6342 and 35032?
302
What is the greatest common factor of 960 and 141?
3
What is the greatest common divisor of 1936 and 22640?
16
What is the greatest common divisor of 174847 and 106?
53
What is the highest common factor of 65394 and 9828?
378
What is the greatest common divisor of 24577 and 273?
7
Calculate the highest common